{"id":13,"date":"2022-06-03T22:27:09","date_gmt":"2022-06-03T20:27:09","guid":{"rendered":"http:\/\/orasetz.cluster029.hosting.ovh.net\/?page_id=13"},"modified":"2024-08-07T11:32:31","modified_gmt":"2024-08-07T09:32:31","slug":"contact","status":"publish","type":"page","link":"http:\/\/orasetz.cluster029.hosting.ovh.net\/index.php\/contact\/","title":{"rendered":"Contacts"},"content":{"rendered":"\n<p>Fabien More<\/p>\n\n\n\n<p>GAP, Hautes-Alpes<\/p>\n\n\n\n<p>contact@matiere-et-compagnie.fr<\/p>\n\n\n\n<p>+33 6 64 44 10 37<\/p>\n\n\n\n<div style=\"height:44px\" aria-hidden=\"true\" class=\"wp-block-spacer\"><\/div>\n\n\n\n<div class=\"wp-block-columns is-layout-flex wp-container-core-columns-is-layout-9d6595d7 wp-block-columns-is-layout-flex\">\n<div class=\"wp-block-column is-layout-flow wp-block-column-is-layout-flow\" style=\"flex-basis:60px\">\n<figure class=\"wp-block-image size-full is-resized\"><a href=\"https:\/\/www.instagram.com\/fabien.more\/\" target=\"_blank\" rel=\"noreferrer noopener\"><img loading=\"lazy\" decoding=\"async\" width=\"125\" height=\"125\" src=\"http:\/\/orasetz.cluster029.hosting.ovh.net\/wp-content\/uploads\/2022\/06\/instagram.jpeg\" alt=\"\" class=\"wp-image-279\"\/><\/a><\/figure>\n<\/div>\n\n\n\n<div class=\"wp-block-column is-layout-flow wp-block-column-is-layout-flow\" style=\"flex-basis:60px\">\n<figure class=\"wp-block-gallery has-nested-images columns-default is-cropped wp-block-gallery-1 is-layout-flex wp-block-gallery-is-layout-flex\">\n<figure class=\"wp-block-image size-full is-resized\"><a href=\"https:\/\/www.linkedin.com\/in\/fabien-more-5b916857\" target=\"_blank\" rel=\"noreferrer noopener\"><img loading=\"lazy\" decoding=\"async\" width=\"129\" height=\"129\" data-id=\"278\" src=\"http:\/\/orasetz.cluster029.hosting.ovh.net\/wp-content\/uploads\/2022\/06\/linkedin.png\" alt=\"\" class=\"wp-image-278\"\/><\/a><\/figure>\n<\/figure>\n<\/div>\n\n\n\n<div class=\"wp-block-column is-layout-flow wp-block-column-is-layout-flow\">\n<figure class=\"wp-block-image size-large is-resized\"><a href=\"https:\/\/www.facebook.com\/fab.more\"><img loading=\"lazy\" decoding=\"async\" width=\"1024\" height=\"1024\" src=\"http:\/\/orasetz.cluster029.hosting.ovh.net\/wp-content\/uploads\/2024\/08\/vecteezy_facebook-png-icon_16716447-1024x1024.png\" alt=\"\" class=\"wp-image-449\" style=\"width:63px;height:auto\" srcset=\"http:\/\/orasetz.cluster029.hosting.ovh.net\/wp-content\/uploads\/2024\/08\/vecteezy_facebook-png-icon_16716447-1024x1024.png 1024w, http:\/\/orasetz.cluster029.hosting.ovh.net\/wp-content\/uploads\/2024\/08\/vecteezy_facebook-png-icon_16716447-300x300.png 300w, http:\/\/orasetz.cluster029.hosting.ovh.net\/wp-content\/uploads\/2024\/08\/vecteezy_facebook-png-icon_16716447-150x150.png 150w, http:\/\/orasetz.cluster029.hosting.ovh.net\/wp-content\/uploads\/2024\/08\/vecteezy_facebook-png-icon_16716447-768x768.png 768w, http:\/\/orasetz.cluster029.hosting.ovh.net\/wp-content\/uploads\/2024\/08\/vecteezy_facebook-png-icon_16716447-1536x1536.png 1536w, http:\/\/orasetz.cluster029.hosting.ovh.net\/wp-content\/uploads\/2024\/08\/vecteezy_facebook-png-icon_16716447-2048x2048.png 2048w\" sizes=\"auto, (max-width: 1024px) 100vw, 1024px\" \/><\/a><\/figure>\n<\/div>\n<\/div>\n\n\n\n<div style=\"height:44px\" aria-hidden=\"true\" class=\"wp-block-spacer\"><\/div>\n\n\n\n<h3 class=\"wp-block-heading has-text-color has-link-color wp-elements-e0b488d98f4c003e72edddb761017a77\" style=\"color:#8b8d8f\"><em>Bonnes adresses<\/em><\/h3>\n\n\n\n<p><a href=\"https:\/\/www.instagram.com\/namali_05\/\">Namali<\/a> : Cr\u00e9atrice bijoux verre fil\u00e9\/fils tiss\u00e9s uniques ou petite s\u00e9rie r\u00e9alis\u00e9s \u00e0 la main<\/p>\n\n\n\n<p><a href=\"https:\/\/www.instagram.com\/lornithorinque_funambule\/\">Adeline Al\u00e9p\u00e9e<\/a> : Cr\u00e9ations en fil de fer #wireart<\/p>\n\n\n\n<p><a href=\"https:\/\/www.oleaflor.fr\/\">Oleaflor<\/a> : Des plantes pour votre peau (je suis fan pour prendre soin de mes mains crevass\u00e9es par la terre en hiver et de mes muscles sollicit\u00e9 par le tour \ud83d\ude42 )<\/p>\n\n\n\n<p><a href=\"http:\/\/www.macra-vindhya.fr\">MACRA VINDHYA<\/a> : Cr\u00e9ations artisanales et uniques (Bijoux, Bandeaux &amp; Snood&#8230;)<\/p>\n\n\n\n<p><a href=\"https:\/\/www.instagram.com\/maleely_crea_pets\/\">MaleelyCr\u00e9aPets<\/a> (<a href=\"https:\/\/www.etsy.com\/fr\/shop\/MaleelyCreaCouture\">boutique<\/a>): Cr\u00e9ations pour animaux personnalisables<\/p>\n\n\n\n<p><a href=\"https:\/\/www.espace-em.fr\/\">Espace Em<\/a> : Feldenkrais, Pilates, M\u00e9ditation, Ost\u00e9opathie,  \u00c9nerg\u00e9tique chinoise (J&rsquo;adore, le Pilate m&rsquo;a permis de changer mes postures dans ma pratique de la c\u00e9ramique et \u00e7a va bien mieux comme \u00e7a! )<\/p>\n","protected":false},"excerpt":{"rendered":"<p>Fabien More GAP, Hautes-Alpes contact@matiere-et-compagnie.fr +33 6 64 44 10 37 Bonnes adresses Namali : Cr\u00e9atrice bijoux verre fil\u00e9\/fils tiss\u00e9s uniques ou petite s\u00e9rie r\u00e9alis\u00e9s \u00e0 la main Adeline Al\u00e9p\u00e9e : Cr\u00e9ations en fil de fer #wireart Oleaflor : Des plantes pour votre peau (je suis fan pour prendre soin de mes mains crevass\u00e9es par [&hellip;]<\/p>\n","protected":false},"author":1,"featured_media":0,"parent":0,"menu_order":0,"comment_status":"closed","ping_status":"closed","template":"","meta":{"footnotes":""},"class_list":["post-13","page","type-page","status-publish","hentry"],"yoast_head":"<!-- This site is optimized with the Yoast SEO plugin v27.5 - https:\/\/yoast.com\/product\/yoast-seo-wordpress\/ -->\n<title>Contacts - mati\u00e8re et compagnie<\/title>\n<meta name=\"robots\" content=\"index, follow, max-snippet:-1, max-image-preview:large, max-video-preview:-1\" \/>\n<link rel=\"canonical\" href=\"http:\/\/orasetz.cluster029.hosting.ovh.net\/index.php\/contact\/\" \/>\n<meta property=\"og:locale\" content=\"fr_FR\" \/>\n<meta property=\"og:type\" content=\"article\" \/>\n<meta property=\"og:title\" content=\"Contacts - mati\u00e8re et compagnie\" \/>\n<meta property=\"og:description\" content=\"Fabien More GAP, Hautes-Alpes contact@matiere-et-compagnie.fr +33 6 64 44 10 37 Bonnes adresses Namali : Cr\u00e9atrice bijoux verre fil\u00e9\/fils tiss\u00e9s uniques ou petite s\u00e9rie r\u00e9alis\u00e9s \u00e0 la main Adeline Al\u00e9p\u00e9e : Cr\u00e9ations en fil de fer #wireart Oleaflor : Des plantes pour votre peau (je suis fan pour prendre soin de mes mains crevass\u00e9es par [&hellip;]\" \/>\n<meta property=\"og:url\" content=\"http:\/\/orasetz.cluster029.hosting.ovh.net\/index.php\/contact\/\" \/>\n<meta property=\"og:site_name\" content=\"mati\u00e8re et compagnie\" \/>\n<meta property=\"article:modified_time\" content=\"2024-08-07T09:32:31+00:00\" \/>\n<meta property=\"og:image\" content=\"http:\/\/orasetz.cluster029.hosting.ovh.net\/wp-content\/uploads\/2022\/06\/instagram.jpeg\" \/>\n<meta name=\"twitter:card\" content=\"summary_large_image\" \/>\n<meta name=\"twitter:label1\" content=\"Dur\u00e9e de lecture estim\u00e9e\" \/>\n\t<meta name=\"twitter:data1\" content=\"2 minutes\" \/>\n<script type=\"application\/ld+json\" class=\"yoast-schema-graph\">{\"@context\":\"https:\\\/\\\/schema.org\",\"@graph\":[{\"@type\":\"WebPage\",\"@id\":\"http:\\\/\\\/orasetz.cluster029.hosting.ovh.net\\\/index.php\\\/contact\\\/\",\"url\":\"http:\\\/\\\/orasetz.cluster029.hosting.ovh.net\\\/index.php\\\/contact\\\/\",\"name\":\"Contacts - mati\u00e8re et compagnie\",\"isPartOf\":{\"@id\":\"http:\\\/\\\/orasetz.cluster029.hosting.ovh.net\\\/#website\"},\"primaryImageOfPage\":{\"@id\":\"http:\\\/\\\/orasetz.cluster029.hosting.ovh.net\\\/index.php\\\/contact\\\/#primaryimage\"},\"image\":{\"@id\":\"http:\\\/\\\/orasetz.cluster029.hosting.ovh.net\\\/index.php\\\/contact\\\/#primaryimage\"},\"thumbnailUrl\":\"http:\\\/\\\/orasetz.cluster029.hosting.ovh.net\\\/wp-content\\\/uploads\\\/2022\\\/06\\\/instagram.jpeg\",\"datePublished\":\"2022-06-03T20:27:09+00:00\",\"dateModified\":\"2024-08-07T09:32:31+00:00\",\"breadcrumb\":{\"@id\":\"http:\\\/\\\/orasetz.cluster029.hosting.ovh.net\\\/index.php\\\/contact\\\/#breadcrumb\"},\"inLanguage\":\"fr-FR\",\"potentialAction\":[{\"@type\":\"ReadAction\",\"target\":[\"http:\\\/\\\/orasetz.cluster029.hosting.ovh.net\\\/index.php\\\/contact\\\/\"]}]},{\"@type\":\"ImageObject\",\"inLanguage\":\"fr-FR\",\"@id\":\"http:\\\/\\\/orasetz.cluster029.hosting.ovh.net\\\/index.php\\\/contact\\\/#primaryimage\",\"url\":\"http:\\\/\\\/orasetz.cluster029.hosting.ovh.net\\\/wp-content\\\/uploads\\\/2022\\\/06\\\/instagram.jpeg\",\"contentUrl\":\"http:\\\/\\\/orasetz.cluster029.hosting.ovh.net\\\/wp-content\\\/uploads\\\/2022\\\/06\\\/instagram.jpeg\",\"width\":125,\"height\":125},{\"@type\":\"BreadcrumbList\",\"@id\":\"http:\\\/\\\/orasetz.cluster029.hosting.ovh.net\\\/index.php\\\/contact\\\/#breadcrumb\",\"itemListElement\":[{\"@type\":\"ListItem\",\"position\":1,\"name\":\"Accueil\",\"item\":\"http:\\\/\\\/orasetz.cluster029.hosting.ovh.net\\\/\"},{\"@type\":\"ListItem\",\"position\":2,\"name\":\"Contacts\"}]},{\"@type\":\"WebSite\",\"@id\":\"http:\\\/\\\/orasetz.cluster029.hosting.ovh.net\\\/#website\",\"url\":\"http:\\\/\\\/orasetz.cluster029.hosting.ovh.net\\\/\",\"name\":\"mati\u00e8re et compagnie\",\"description\":\"Cr\u00e9ation d&#039;objets en c\u00e9ramique, en bois, en m\u00e9tal\",\"publisher\":{\"@id\":\"http:\\\/\\\/orasetz.cluster029.hosting.ovh.net\\\/#organization\"},\"potentialAction\":[{\"@type\":\"SearchAction\",\"target\":{\"@type\":\"EntryPoint\",\"urlTemplate\":\"http:\\\/\\\/orasetz.cluster029.hosting.ovh.net\\\/?s={search_term_string}\"},\"query-input\":{\"@type\":\"PropertyValueSpecification\",\"valueRequired\":true,\"valueName\":\"search_term_string\"}}],\"inLanguage\":\"fr-FR\"},{\"@type\":\"Organization\",\"@id\":\"http:\\\/\\\/orasetz.cluster029.hosting.ovh.net\\\/#organization\",\"name\":\"Mati\u00e8re et compagnie\",\"url\":\"http:\\\/\\\/orasetz.cluster029.hosting.ovh.net\\\/\",\"logo\":{\"@type\":\"ImageObject\",\"inLanguage\":\"fr-FR\",\"@id\":\"http:\\\/\\\/orasetz.cluster029.hosting.ovh.net\\\/#\\\/schema\\\/logo\\\/image\\\/\",\"url\":\"http:\\\/\\\/orasetz.cluster029.hosting.ovh.net\\\/wp-content\\\/uploads\\\/2022\\\/06\\\/logo-matiere-co-gris.png\",\"contentUrl\":\"http:\\\/\\\/orasetz.cluster029.hosting.ovh.net\\\/wp-content\\\/uploads\\\/2022\\\/06\\\/logo-matiere-co-gris.png\",\"width\":532,\"height\":831,\"caption\":\"Mati\u00e8re et compagnie\"},\"image\":{\"@id\":\"http:\\\/\\\/orasetz.cluster029.hosting.ovh.net\\\/#\\\/schema\\\/logo\\\/image\\\/\"},\"sameAs\":[\"https:\\\/\\\/www.instagram.com\\\/fabien.more\\\/\"]}]}<\/script>\n<!-- \/ Yoast SEO plugin. -->","yoast_head_json":{"title":"Contacts - mati\u00e8re et compagnie","robots":{"index":"index","follow":"follow","max-snippet":"max-snippet:-1","max-image-preview":"max-image-preview:large","max-video-preview":"max-video-preview:-1"},"canonical":"http:\/\/orasetz.cluster029.hosting.ovh.net\/index.php\/contact\/","og_locale":"fr_FR","og_type":"article","og_title":"Contacts - mati\u00e8re et compagnie","og_description":"Fabien More GAP, Hautes-Alpes contact@matiere-et-compagnie.fr +33 6 64 44 10 37 Bonnes adresses Namali : Cr\u00e9atrice bijoux verre fil\u00e9\/fils tiss\u00e9s uniques ou petite s\u00e9rie r\u00e9alis\u00e9s \u00e0 la main Adeline Al\u00e9p\u00e9e : Cr\u00e9ations en fil de fer #wireart Oleaflor : Des plantes pour votre peau (je suis fan pour prendre soin de mes mains crevass\u00e9es par [&hellip;]","og_url":"http:\/\/orasetz.cluster029.hosting.ovh.net\/index.php\/contact\/","og_site_name":"mati\u00e8re et compagnie","article_modified_time":"2024-08-07T09:32:31+00:00","og_image":[{"url":"http:\/\/orasetz.cluster029.hosting.ovh.net\/wp-content\/uploads\/2022\/06\/instagram.jpeg","type":"","width":"","height":""}],"twitter_card":"summary_large_image","twitter_misc":{"Dur\u00e9e de lecture estim\u00e9e":"2 minutes"},"schema":{"@context":"https:\/\/schema.org","@graph":[{"@type":"WebPage","@id":"http:\/\/orasetz.cluster029.hosting.ovh.net\/index.php\/contact\/","url":"http:\/\/orasetz.cluster029.hosting.ovh.net\/index.php\/contact\/","name":"Contacts - mati\u00e8re et compagnie","isPartOf":{"@id":"http:\/\/orasetz.cluster029.hosting.ovh.net\/#website"},"primaryImageOfPage":{"@id":"http:\/\/orasetz.cluster029.hosting.ovh.net\/index.php\/contact\/#primaryimage"},"image":{"@id":"http:\/\/orasetz.cluster029.hosting.ovh.net\/index.php\/contact\/#primaryimage"},"thumbnailUrl":"http:\/\/orasetz.cluster029.hosting.ovh.net\/wp-content\/uploads\/2022\/06\/instagram.jpeg","datePublished":"2022-06-03T20:27:09+00:00","dateModified":"2024-08-07T09:32:31+00:00","breadcrumb":{"@id":"http:\/\/orasetz.cluster029.hosting.ovh.net\/index.php\/contact\/#breadcrumb"},"inLanguage":"fr-FR","potentialAction":[{"@type":"ReadAction","target":["http:\/\/orasetz.cluster029.hosting.ovh.net\/index.php\/contact\/"]}]},{"@type":"ImageObject","inLanguage":"fr-FR","@id":"http:\/\/orasetz.cluster029.hosting.ovh.net\/index.php\/contact\/#primaryimage","url":"http:\/\/orasetz.cluster029.hosting.ovh.net\/wp-content\/uploads\/2022\/06\/instagram.jpeg","contentUrl":"http:\/\/orasetz.cluster029.hosting.ovh.net\/wp-content\/uploads\/2022\/06\/instagram.jpeg","width":125,"height":125},{"@type":"BreadcrumbList","@id":"http:\/\/orasetz.cluster029.hosting.ovh.net\/index.php\/contact\/#breadcrumb","itemListElement":[{"@type":"ListItem","position":1,"name":"Accueil","item":"http:\/\/orasetz.cluster029.hosting.ovh.net\/"},{"@type":"ListItem","position":2,"name":"Contacts"}]},{"@type":"WebSite","@id":"http:\/\/orasetz.cluster029.hosting.ovh.net\/#website","url":"http:\/\/orasetz.cluster029.hosting.ovh.net\/","name":"mati\u00e8re et compagnie","description":"Cr\u00e9ation d&#039;objets en c\u00e9ramique, en bois, en m\u00e9tal","publisher":{"@id":"http:\/\/orasetz.cluster029.hosting.ovh.net\/#organization"},"potentialAction":[{"@type":"SearchAction","target":{"@type":"EntryPoint","urlTemplate":"http:\/\/orasetz.cluster029.hosting.ovh.net\/?s={search_term_string}"},"query-input":{"@type":"PropertyValueSpecification","valueRequired":true,"valueName":"search_term_string"}}],"inLanguage":"fr-FR"},{"@type":"Organization","@id":"http:\/\/orasetz.cluster029.hosting.ovh.net\/#organization","name":"Mati\u00e8re et compagnie","url":"http:\/\/orasetz.cluster029.hosting.ovh.net\/","logo":{"@type":"ImageObject","inLanguage":"fr-FR","@id":"http:\/\/orasetz.cluster029.hosting.ovh.net\/#\/schema\/logo\/image\/","url":"http:\/\/orasetz.cluster029.hosting.ovh.net\/wp-content\/uploads\/2022\/06\/logo-matiere-co-gris.png","contentUrl":"http:\/\/orasetz.cluster029.hosting.ovh.net\/wp-content\/uploads\/2022\/06\/logo-matiere-co-gris.png","width":532,"height":831,"caption":"Mati\u00e8re et compagnie"},"image":{"@id":"http:\/\/orasetz.cluster029.hosting.ovh.net\/#\/schema\/logo\/image\/"},"sameAs":["https:\/\/www.instagram.com\/fabien.more\/"]}]}},"_links":{"self":[{"href":"http:\/\/orasetz.cluster029.hosting.ovh.net\/index.php\/wp-json\/wp\/v2\/pages\/13","targetHints":{"allow":["GET"]}}],"collection":[{"href":"http:\/\/orasetz.cluster029.hosting.ovh.net\/index.php\/wp-json\/wp\/v2\/pages"}],"about":[{"href":"http:\/\/orasetz.cluster029.hosting.ovh.net\/index.php\/wp-json\/wp\/v2\/types\/page"}],"author":[{"embeddable":true,"href":"http:\/\/orasetz.cluster029.hosting.ovh.net\/index.php\/wp-json\/wp\/v2\/users\/1"}],"replies":[{"embeddable":true,"href":"http:\/\/orasetz.cluster029.hosting.ovh.net\/index.php\/wp-json\/wp\/v2\/comments?post=13"}],"version-history":[{"count":12,"href":"http:\/\/orasetz.cluster029.hosting.ovh.net\/index.php\/wp-json\/wp\/v2\/pages\/13\/revisions"}],"predecessor-version":[{"id":450,"href":"http:\/\/orasetz.cluster029.hosting.ovh.net\/index.php\/wp-json\/wp\/v2\/pages\/13\/revisions\/450"}],"wp:attachment":[{"href":"http:\/\/orasetz.cluster029.hosting.ovh.net\/index.php\/wp-json\/wp\/v2\/media?parent=13"}],"curies":[{"name":"wp","href":"https:\/\/api.w.org\/{rel}","templated":true}]}}